a prime number?
True
Is 64217 a composite number?
False
Is 3271 composite?
False
Is 118315 prime?
False
Is 3266335 composite?
True
Is 2489 a composite number?
True
Is 899891 prime?
True
Is 7829 a composite number?
False
Is 5259 a composite number?
True
Is 47015 a composite number?
True
Is 3547 a prime number?
True
Is 162143 a prime number?
True
Is 2492481 a prime number?
False
Is 4894 a prime number?
False
Is 1319707 composite?
False
Is 21313 composite?
False
Is 81229 a prime number?
False
Is 11197 prime?
True
Is 24401 a prime number?
False
Is 196067 prime?
False
Is 39493 a prime number?
False
Is 1461 composite?
True
Is 33409 a composite number?
False
Is 41959 composite?
False
Is 745 a prime number?
False
Is 227299 a composite number?
False
Is 28333 prime?
False
Is 5381 a composite number?
False
Is 3512051 composite?
False
Is 7529 a composite number?
False
Is 30209 prime?
False
Is 20047 prime?
True
Is 133691 a prime number?
True
Is 496973 prime?
False
Is 10753 composite?
False
Is 2479 a prime number?
False
Is 94853 prime?
False
Is 22433 a composite number?
False
Is 28387 a composite number?
False
Is 41315 a prime number?
False
Is 4507 a composite number?
False
Is 1177949 a composite number?
False
Is 35458 a prime number?
False
Is 151907 a prime number?
False
Is 42467 a composite number?
False
Is 14173 prime?
True
Is 30801 composite?
True
Is 869 a prime number?
False
Is 3287 a prime number?
False
Is 18839 prime?
True
Is 62365 composite?
True
Is 30341 a composite number?
False
Is 2563283 composite?
True
Is 357451 a composite number?
True
Is 79141 prime?
False
Is 35551 a prime number?
False
Is 4394509 a composite number?
True
Is 832051 composite?
True
Is 79669 a composite number?
False
Is 1889879 composite?
True
Is 354121 composite?
False
Is 8509 composite?
True
Is 1087795 a prime number?
False
Is 289 a prime number?
False
Is 397567 prime?
True
Is 46378 prime?
False
Is 24779 composite?
True
Is 439961 a prime number?
True
Is 1964013 a prime number?
False
Is 584347 a prime number?
True
Is 430393 a composite number?
False
Is 9977 a prime number?
False
Is 21139 prime?
True
Is 68141 a prime number?
True
Is 19163 prime?
True
Is 853529 a composite number?
False
Is 2379613 prime?
True
Is 16645 composite?
True
Is 1063929 a composite number?
True
Is 242189 composite?
True
Is 215779 a prime number?
False
Is 1043 a prime number?
False
Is 13597 a composite number?
False
Is 527327 composite?
False
Is 7841 prime?
True
Is 143581 composite?
True
Is 2213 prime?
True
Is 11335 composite?
True
Is 29779 composite?
True
Is 158563 a composite number?
False
Is 16355 a composite number?
True
Is 73291 a composite number?
False
Is 64849 a prime number?
True
Is 17543 prime?
False
Is 83149 composite?
True
Is 4265 composite?
True
Is 407669 a prime number?
True
Is 1259 a composite number?
False
Is 2915219 a prime number?
True
Is 78711 prime?
False
Is 175843 a composite number?
False
Is 152777 prime?
True
Is 116395 a composite number?
True
Is 372953 a prime number?
False
Is 285938 prime?
False
Is 33017 composite?
True
Is 158393 a composite number?
False
Is 121629 composite?
True
Is 9127 composite?
False
Is 261073 a prime number?
False
Is 89753 a prime number?
True
Is 1189 a composite number?
True
Is 85121 composite?
False
Is 3277 a composite number?
True
Is 861506 a composite number?
True
Is 17863 prime?
True
Is 3164935 prime?
False
Is 283267 prime?
True
Is 252641 prime?
True
Is 42799 composite?
True
Is 1255439 a prime number?
False
Is 122903 a composite number?
True
Is 36037 composite?
False
Is 114529 a prime number?
False
Is 31757 prime?
False
Is 17551 a prime number?
True
Is 119 a composite number?
True
Is 9811 prime?
True
Is 3697 composite?
False
Is 60181 a prime number?
False
Is 22681 a prime number?
False
Is 22381 composite?
False
Is 26351 prime?
False
Is 2253 a prime number?
False
Is 147541 prime?
True
Is 31091 a prime number?
True
Is 1637 a composite number?
False
Is 3091 a composite number?
True
Is 52837 a composite number?
False
Is 78357 composite?
True
Is 6197 a composite number?
False
Is 2234329 a prime number?
True
Is 264361 a composite number?
True
Is 6547 prime?
True
Is 51583 composite?
True
Is 8287 a composite number?
False
Is 26557 a composite number?
False
Is 53479 composite?
False
Is 172729 a composite number?
True
Is 711067 prime?
False
Is 20047 prime?
True
Is 216955 a composite number?
True
Is 1695667 a prime number?
False
Is 40163 a prime number?
True
Is 16493 composite?
False
Is 6143 a composite number?
False
Is 24214 composite?
True
Is 322673 a prime number?
False
Is 29809 a composite number?
True
Is 2050057 a composite number?
False
Is 120277 a composite number?
False
Is 36289 prime?
False
Is 27923 prime?
False
Is 56123 a composite number?
False
Is 187211 prime?
True
Is 58403 a prime number?
True
Is 611839 a prime number?
True
Is 8097 composite?
True
Is 345307 a prime number?
True
Is 1538509 prime?
False
Is 18169 composite?
False
Is 339667 prime?
False
Is 6769 a composite number?
True
Is 29989 a composite number?
False
Is 36833 a composite number?
False
Is 2203 a composite number?
False
Is 10453 prime?
True
Is 19715 composite?
True
Is 5293 a composite number?
True
Is 4796135 composite?
True
Is 47869 a composite number?
False
Is 681859 prime?
False
Is 7133 a prime number?
False
Is 47869 a composite number?
False
Is 2017765 a prime number?
False
Is 225023 a composite number?
False
Is 3833 a prime number?
True
Is 117721 a prime number?
True
Is 36209 a prime number?
True
Is 12037 composite?
False
Is 15787 a composite number?
False
Is 10781 prime?
True
Is 230129 a prime number?
False
Is 37931 a prime number?
False
Is 366127 composite?
False
Is 1857211 prime?
False
Is 146279 a prime number?
False
Is 12929 a prime number?
False
Is 795427 prime?
True
Is 6563 composite?
False
Is 440623 a composite number?
True
Is 174235 a composite number?
True
Is 81547 composite?
False
Is 315461 a prime number?
True
Is 49903 composite?
True
Is 11677 a composite number?
False
Is 10831 a composite number?
False
Is 253411 prime?
False
Is 339817 composite?
False
Is 1908437 a composite number?
True
Is 40351 a prime number?
True
Is 42151 composite?
True
Is 281335 prime?
False
Is 9391 composite?
False
Is 922 prime?
False
Is 331 a prime number?
True
Is 54463 a prime number?
False
Is 845083 a prime number?
True
Is 9239 composite?
False
Is 17657 a composite number?
False
Is 9509 composite?
True
Is 3039 prime?
False
Is 329039 a prime number?
False
Is 848809 a composite number?
True
Is 362437 composite?
True
Is 605869 a prime number?
False
Is 342497 a composite number?
False
Is 2777 a composite number?
False
Is 2087507 a prime number?
False
Is 293 prime?
True
Is 1285451 a prime number?
True
Is 252509 composite?
False
Is 15949 a composite number?
True
Is 10159 a composite number?
False
Is 80329 a prime number?
True
Is 56629 a prime number?
True
Is 26493 a prime number?
False
Is 50801 a prime number?
False
Is 887 a composite number?
False
Is 1925149 composite?
False
Is 20477 a composite number?
False
Is 89135 a prime number?
False
Is 20219 a composite number?
False
Is 119207 a composite number?
True
Is 295819 a composite number?
False
Is 5987 prime?
True
Is 16447 composite?
False
Is 80837 a composite number?
True
Is 2477 prime?
True
Is 605371 a composite number?
True
Is 188837 a prime number?
False
Is 11029 a composite number?
True
Is 7741 a prime number?
True
Is 257039 a composite number?
True
Is 332087 prime?
False
Is 6761 a prime number?
True
Is 40459 prime?
True
Is 25901 composite?
True
Is 19661 a composite number?
False
Is 420773 a composite number?
True
Is 7829 prime?
True
Is 89617 composite?
True
Is 1693 a composite number?
False
Is 13847 prime?
False
Is 15871 composite?
True
Is 18773 prime?
True
Is 1448303 a composite number?
False
Is 107999 a composite number?
False
Is 53047 a composite number?
False
Is 694979 prime?
True
Is 10697 a composite number?
True
Is 40739 a prime number?
True
Is 111439 a prime number?
True
Is 1905047 composite?
True
Is 1014763 a composite number?
False
Is 14681 composite?
True
Is 7363 composite?
True
Is 19553 composite?
False
Is 20527 prime?
False
Is 457 a prime number?
True
Is 122777 a prime number?
True
Is 219499 a prime number?
False
Is 4733 a prime 